 is the remainder when z is divided by 44?
32
Let s(i) = 55*i + 1778. What is the remainder when s(-3) is divided by 49?
45
Suppose -2*m - 2 = -3*v - 4, -2*v = -8. Suppose 40 + 40 = 34*j + 12. What is the remainder when m is divided by j?
1
Suppose -2*n = 0, -3*n - 70 = -5*s + 2*n. Let z(r) = -r**2 + 14*r - 32. Let v be z(12). What is the remainder when 30 is divided by ((-77)/s)/(2/v)?
8
Let k = 24679 + -24582. What is the remainder when 708 is divided by k?
29
Let s be (6/8 - (-2)/(-8))*4. Let d be 84/(-8)*-2 + s. Suppose 27 = 5*i - d. Calculate the remainder when 28 is divided by i.
8
Suppose -t = -3*s + 1842 + 12, -1238 = -2*s + t. What is the remainder when s is divided by 21?
7
Suppose -2*f + 4 = 5*a - 7*a, 2*a + 8 - 30 = 0. Calculate the remainder when f is divided by 8 - (-1 - -1 - 2).
3
Let b(n) = -3*n + 12. Suppose 0 = 5*j - 5*r + 45, -3*j - j - 60 = 4*r. What is the remainder when 190 is divided by b(j)?
46
Suppose -3*v = -4*b + 505, 32*b = 31*b - 5*v + 155. What is the remainder when 2073 is divided by b?
123
Suppose 0*f + 2*w = -f + 5, 0 = 3*f + 3*w - 18. Let t = -424 - -235. Let z = 198 + t. What is the remainder when z is divided by f?
2
Suppose 8*h - 234 = -h. Let g(b) = -b**2 + 27*b - 18. Let t be g(h). Suppose -7*c - 22 = -t*c. Calculate the remainder when 107 is divided by c.
19
Let a be (2/(-1) - 2/(-2)) + -1. Let f be (-1 - a)/(0 - 1/(-2)). Suppose -14 = -f*n + g, 0 = -3*n - 3*g - 2 + 5. What is the remainder when 17 is divided by n?
2
Let v = -587 + 595. Let a = 358 - v. What is the remainder when a is divided by 32?
30
Suppose 2456 = 13*y - 2861. Let k = -293 + y. What is the remainder when k is divided by 45?
26
Suppose 2*j - 3*j = -6. Suppose -5*x + 6*x + 3*s = -25, 5*x + 25 = 5*s. What is the remainder when (((-225)/x)/3)/((-2)/(-4)) is divided by j?
3
Let z(g) = g**3 - 3*g**2 - 9*g + 32. Let o be z(4). What is the remainder when 114 is divided by (-235)/(-4) + 1/(o/3)?
55
Let b = 5595 + -5500. What is the remainder when b is divided by 66?
29
Let x = -173 + 270. What is the remainder when x is divided by 0 + 36 + -1 + -6*(-13 + 14)?
10
Suppose 4*f + 127 = 2*j + 3*f, -5 = 5*f. Let v = j + -60. What is the remainder when 32 is divided by (5 + -1)*v/2?
2
Let y be (1 - (3 - 5))*15. Let a(k) = k**2 + 3*k - 16. Let i be a(6). Suppose -41*u = -i*u - y. What is the remainder when u is divided by 9?
6
Let c = 177 + -143. Let m(o) = -581*o - 552. Calculate the remainder when m(-2) is divided by c.
32
Suppose 0 = -o + k - 66, 4*o - 36 = -k - 320. Let m(s) = -6*s + 5. Calculate the remainder when m(-5) is divided by (-1)/((-413)/o + -6).
5
Let n(x) = 5*x**2 + 4*x - 7. Let w be n(-5). Let l = w - 31. Suppose -2*d - 154 = -4*y, 2*y + d = 66 + 5. What is the remainder when l is divided by y?
30
Let d(x) = -x**3 + 15*x**2 - 4*x - 238. What is the remainder when 459 is divided by d(12)?
21
Let x = -40 - -73. Let l = -268 - -355. Let y = l - x. Calculate the remainder when 212 is divided by y.
50
Let n = -541 + 593. Let s = n + 79. Calculate the remainder when s is divided by 44.
43
Suppose -1295 = -612*y - 617*y + 1222*y. What is the remainder when y is divided by 31?
30
Let s be ((-7)/(-56)*-4)/((-2)/(-8)). Calculate the remainder when (-1629)/(-12) - (-1)/(-8)*s is divided by 23.
21
Suppose 9*v = 5*v + 144. Suppose 3*a = -3*z + v, 2*z + a = -3*z + 56. Calculate the remainder when 32 is divided by z.
10
Let o(v) = 6*v**2 - 7*v - 8. What is the remainder when o(-4) is divided by 10/(-6) + 4708/321?
12
Suppose 5*k + 3088 + 2472 = 5*o, -3*o = k - 3356. Calculate the remainder when 1124 is divided by o.
7
Let l(a) = a**3 + 23*a**2 - 20*a - 45. Let q(z) = 3*z**3 + 47*z**2 - 40*z - 89. Let w(m) = -5*l(m) + 2*q(m). What is the remainder when w(20) is divided by 24?
23
Suppose 139*u = 335*u - 29008. What is the remainder when 4881 is divided by u?
145
Let o be -1 - 0*(-2)/10. Let f = 20 + o. Let t = 78 + 14. Calculate the remainder when t is divided by f.
16
Let a = 1378 + 127. Calculate the remainder when a is divided by 65.
10
Let d(t) be the second derivative of t**4/6 - 19*t**3/2 - 21*t**2/2 - 4*t - 12. Calculate the remainder when d(30) is divided by 8.
5
Suppose -2*x = -10*x + 800. Suppose s + 4*s = x. Suppose -v = -0*v - 75. What is the remainder when v is divided by s?
15
Let a(j) = 177*j - 2429. What is the remainder when a(23) is divided by 4?
2
Let u(a) = 14*a**3 - 153*a**2 - 11*a + 19. What is the remainder when 66 is divided by u(11)?
9
Let k(f) be the second derivative of 0 + 23/6*f**3 + 2*f - 10*f**2. What is the remainder when 194 is divided by k(3)?
47
Let o(b) = -b**2 + 12*b + 164. Let c be o(-8). Suppose 60 = -c*s + 6*s. Calculate the remainder when 85 is divided by s.
25
Suppose 548 = -15*g + 878. Let a = 1759 - 1256. Calculate the remainder when a is divided by g.
19
Let l = 24 - 22. Suppose 3*z + 3*u = 87, -l*z + 0*u + 4*u = -70. What is the remainder when 119 is divided by z?
26
Let c(j) = j**2 - 11*j - 36. Let k be c(15). Let b = 69 - k. What is the remainder when b is divided by 41?
4
Suppose 18*l = 212 + 202. Suppose s = 4*s - 402. Calculate the remainder when s is divided by l.
19
Suppose 2*k + 2*n = 562, 3*n = -2*k + 24*k - 6357. Calculate the remainder when 3160 is divided by k.
280
Suppose 402 = 2*j - 2*f, 0 = -f - 23 + 26. Calculate the remainder when 420 is divided by j.
12
Let f(z) = -3*z + 3. Let c(l) = -l**2 + 2*l + 18. Let h be c(0). Suppose 15*i = 72 + h. Calculate the remainder when f(-10) is divided by i.
3
Suppose 35*w = 4*w + 124. Suppose -w = 5*o - 7*o, -28 = -3*j + 4*o. Calculate the remainder when 261 is divided by j.
9
Let t(f) = f**3 - f**2 + 174. Suppose -2265*j = -2267*j + 50. Calculate the remainder when t(0) is divided by j.
24
Let x(b) = b**2 + 47*b + 4184. What is the remainder when x(-54) is divided by 117?
116
Suppose -4*c - d + 180 = 0, -4*d + 21 = 2*c - 69. Calculate the remainder when c is divided by 33/2 - 3/2.
0
Let i(n) = -13*n - 389. Calculate the remainder when i(-64) is divided by 202.
39
Let f be (-6352)/144 + (-2)/(-18). Let n be 4*((-2)/11 - 52/f). Suppose -2*s = 3*q - 11, n*s = 7*s - 4*q - 8. Calculate the remainder when 26 is divided by s.
2
Let z be (1 + -1)*6/(-12). Let f be 109 + z - 4/(4/3). Suppose 5*r - f = 5*s - s, -5*r + 94 = -s. What is the remainder when 69 is divided by r?
15
Let m(g) = -6*g**2 - 66*g + 5. Let c(j) = j**2 + 3*j + 3. Let s be c(-13). Suppose s = 4*k - 19. What is the remainder when m(-9) is divided by k?
37
Let g = 242 - 128. Suppose -5*l - 58 = -6*l. What is the remainder when g is divided by l*(3/(-6) + 1)?
27
Suppose 21*m - 6 = 20*m. Let j = m + 26. Suppose -5*d + 10 = 4*p - 37, 5*p + j = 2*d. What is the remainder when 43 is divided by d?
10
Let z(s) = 6*s - 22. Let d(r) = 7*r - 22. Let h(p) = -4*d(p) + 3*z(p). Calculate the remainder when 160 is divided by h(-3).
4
Let d = 71 + -19. Let r be 1/(1 - 12/15). Suppose -r*t = -t - d. What is the remainder when 24 is divided by t?
11
Suppose 0 = 3*m - 251 + 62. What is the remainder when (-300)/225 + 1/(3/598) is divided by m?
9
Suppose -47 = -x + 46*h - 48*h, 0 = -3*x + 2*h + 181. What is the remainder when 1535 is divided by x?
53
Suppose -357*a - 2*i = -353*a - 1032, -a - 5*i + 276 = 0. Calculate the remainder when a is divided by 91.
74
Suppose -3*g + 5*v + 759 = 0, 0 = -0*g - 3*g - 5*v + 789. What is the remainder when g is divided by (0 - -1 - -4) + 4?
6
Suppose 0*k = -3*k + 18. Suppose 4 = 4*m, 4*r = -5*m - 34 + 363. Calculate the remainder when r is divided by k.
3
Suppose 22*c = 647 + 409. What is the remainder when 126 is divided by c?
30
Suppose 353 = 3*f - 3*t - 163, -2*f = 2*t - 356. Suppose -f = 7*y - 2*y. What is the remainder when 41 is divided by (-12)/30*(y - 0)?
13
Suppose 3*q + 4500 = -6*q. Let x be (-2)/(-9) + (3 - q/18). Let t = x + 48. What is the remainder when t is divided by 29?
21
Suppose -5*l = 4*h + 5, 24 = 5*h - l - 6. Suppose h*g + 2*g - 154 = 0. What is the remainder when 170 is divided by g?
16
Let h be (-6)/(-27) - (3 + 183/(-27)). Suppose -59 = -h*c + 3*k, 0 = -3*k + 4*k + 1. Let q = -386 + 392. Calculate the remainder when c is divided by q.
2
Suppose 0 = 3*q - 2 - 4. Calculate the remainder when ((-25)/4)/((-1430)/11440) is divided by q.
0
Let h(n) = -9*n -